et y(m) = -6*m - 226. Let l be y(-38). Suppose n = -0*b - l*b + 442. Is b a composite number?
True
Suppose 7*v - n - 1196859 = -74461, -5*n = 3*v - 481044. Is v prime?
True
Suppose b - 2*q - 1654 = 0, 12*q - 7*q - 8225 = -5*b. Let d = b - -7863. Is d a prime number?
True
Let f(p) = 5085*p**2 - 3*p - 79. Is f(-6) composite?
False
Let v(b) = 14*b**2 + b - 10. Let h be (-8 + 12)*(0 - -1). Suppose -h*q - k - 8 = -5*q, k = 5*q - 36. Is v(q) a composite number?
False
Let v be 2/((-5)/(-35) - 0). Let x = 49 + v. Let k = 430 + x. Is k composite?
True
Is 1751799/15 + -4*(-27)/(-180) prime?
False
Suppose 525 = 16*c + 621. Let k = 11293 - 5121. Is (3/(c/(-2)))/(4/k) a composite number?
False
Suppose -5*l - 1459 = -5924. Let i = 753 + -1243. Let v = i + l. Is v composite?
True
Suppose -1945*o + 5449 = -1933*o - 290303. Is o a prime number?
False
Let y be (289 - 229)*9/(-2). Let n be (-2)/8 + 1717/4. Let t = y + n. Is t composite?
True
Let i(z) = z**2 - 25*z - 107. Let m be i(-4). Suppose -4*u + m*u - 152320 = -3*l, 0 = 5*l + 25. Is u a composite number?
False
Suppose -3*s + s - 24 = 0. Let v(f) = f**3 - 2*f**2 - f. Let z(a) = 6*a**3 + 4*a**2 - 22*a - 13. Let j(d) = -5*v(d) + z(d). Is j(s) composite?
False
Let h be 2/(-3) - 26/6. Let a be 3/h + (-6)/(-10). Suppose v - 3*u - 1631 = 0, 3*v + 2*u - 2515 - 2378 = a. Is v a prime number?
False
Suppose 0 = 20*y - 5 + 65. Is 7 + 15245 + 4 + y a composite number?
True
Let x(b) be the first derivative of 5*b**4 + 5*b**3/3 - 9*b**2 + 67*b - 207. Is x(5) a prime number?
False
Let y be 1 + (19914/(-2))/1. Let l = y - -17035. Is l a composite number?
False
Let m = 17600 + -9442. Suppose -m = -9*r + 244085. Is r a prime number?
True
Suppose -6*h = -5*h - 5. Let d be ((-2020)/25)/(-1)*h. Let l = d + 447. Is l a composite number?
True
Suppose -104784 = -18*d + 17688. Suppose -h = -5*q + d, -3*q - 1867 = -3*h - 5947. Is q prime?
True
Suppose 140*j = 133*j. Suppose 18*b + 2275 - 612349 = j. Is b a prime number?
True
Let b be (-21)/(-4) - 1/4. Let f = -1462 - -3109. Suppose -2*o - f = -3*k, 0 = -5*k + 3*o - b*o + 2729. Is k a prime number?
True
Suppose 0 = 24*w - 109067 - 48109. Suppose -w = -12*y + 6495. Is y a composite number?
False
Let i(y) = -y**2 + 19*y - 65. Let l be i(7). Let q be -17 + l - (-2)/2. Suppose -5*w + 762 = -q*w. Is w a composite number?
True
Suppose 231*z = 260*z - 4615379. Is z a composite number?
True
Let z(f) = 275*f**3 - 4*f**2 - 120*f + 551. Is z(12) composite?
True
Suppose 8*c - 28*c = 5*c - 318475. Is c a prime number?
True
Let x be 11/(44/24) + 5 + 2119. Suppose -7*f + 19119 = x. Is f composite?
True
Suppose -2*u - c = -0*u - 206142, c + 206126 = 2*u. Is u a composite number?
False
Suppose -7*z = -6*z - 52. Suppose -4*s + 8 = 4*m + z, -3*s = 4*m + 38. Is 56278/57*s/(-4) composite?
False
Let j(t) = 47*t**2 - t. Let s be j(2). Suppose 3*f + 21 = -s. Let y = f - -120. Is y a composite number?
True
Let z(n) = 0*n + 4 + 653*n**2 - 16*n - 650*n**2 - 15 + n. Let q be 2/4 - 65/10. Is z(q) composite?
True
Let c(f) be the second derivative of -59*f**3/6 - 41*f**2 + 47*f + 3. Is c(-13) a prime number?
False
Let a(v) = 23*v**2 + 7*v - 31. Let f(h) = -11*h**2 - 3*h + 14. Let k(r) = 3*a(r) + 5*f(r). Suppose -s = 3, -4*s = -4*n + 19 + 25. Is k(n) composite?
True
Let o(x) = x**2 - x + 377. Let a = 62 + -59. Let l be 0*a/(-9)*3. Is o(l) prime?
False
Let x(c) = -2173*c + 8906. Is x(-69) a prime number?
True
Let n(m) = 2*m**3 - 5*m**2 - 5*m + 8. Let x be n(3). Suppose -2*a = -10, -6713 = 4*q + x*a - 47599. Is q a composite number?
True
Let j(s) = 1010*s**2 + 221*s - 861. Is j(4) composite?
False
Is ((-337570)/(-4))/(115/92) a composite number?
True
Let p(g) = 23800*g + 1551. Is p(13) a composite number?
True
Let l(c) be the third derivative of -185*c**4/12 - c**3/2 - 12*c**2 - 1. Is l(-2) a prime number?
False
Let g = 1414 + -53. Let k = g + 456. Is k prime?
False
Let x(j) = -29*j**2 - 12*j + 26. Let c be x(11). Let v = c + 14828. Is v prime?
True
Suppose -2*a = -2*v - 38 + 40, -a + 3 = v. Suppose -2*h + 5*t - 134 = -555, v*h - 445 = -3*t. Is h a composite number?
True
Let b(l) = -31133*l - 8732. Is b(-15) a composite number?
True
Suppose 16*a = 25*a - 153. Suppose a*p - 120144 = p. Is p a prime number?
False
Let x be (5 - 5) + 6 + 11. Suppose -x*u + 39639 = -68362. Is u prime?
True
Suppose 5*s - 165228 = -4*a + 323525, -s - 2*a + 97747 = 0. Is s composite?
True
Let u(v) = -664*v - 195. Suppose 2*q - 3*k + 32 = 0, -2*q + 2*k + 42 = -7*q. Is u(q) a prime number?
False
Let b(c) = -c**2 - 10*c - 2. Let a be b(-10). Let p(o) = -o**2 - o + 3. Let z be p(a). Is 5584/4 + (2 - z) + 2 a composite number?
False
Is (692/(-24) - -29) + 475961/6 a prime number?
False
Let o(u) = 2*u**2 + 13*u - 8. Suppose 0 = 5*n - 2*s - 57, -s + 3*s = -5*n + 53. Let t be n + ((-1)/(-1) - 5). Is o(t) a prime number?
True
Suppose -5*k + 5*h + 732380 = 0, -2*k = -3*h + 104494 - 397445. Is k composite?
False
Suppose 6*o - o = -2*h + 17, 0 = 4*h + 2*o - 10. Is (19 - h)/6 + 482 a composite number?
True
Let x(g) = -9 - 4 + 4*g**2 + 577*g - 594*g. Let p be (-12)/(1 + 15/(-9)). Is x(p) composite?
False
Let f = 48887 - -38482. Is f prime?
False
Suppose 86*z = 150*z - 17829184. Is z a prime number?
True
Let r = -191752 + 352917. Is r composite?
True
Suppose -3*s - 1 + 7 = 0. Suppose i - 4*f = -5, s*i - 7*f + 4*f = 0. Suppose -j = -4*x - 5683, -i*j - x = 1389 - 18438. Is j prime?
True
Let m(z) = 6696*z**3 + 47*z**2 - 90*z + 3. Is m(2) prime?
False
Let f = 4 + 0. Suppose 13*g + 2*l + f = 10*g, -g - 18 = 4*l. Let h(k) = 496*k**3 - 3*k**2 + 1. Is h(g) a prime number?
False
Let m = -18958 + 34409. Suppose 0 = 10*i - m - 117459. Is i composite?
False
Let s = -172820 + 386511. Is s a composite number?
True
Suppose 0 = -4*s - 18*s - 44. Is (-40999)/(-14) - (-3)/s composite?
False
Let y(t) = 325*t + 32. Let f be y(26). Let u = f - 3045. Is u a composite number?
False
Let f = -25 + 30. Let l(n) = -15*n - 10. Let i be l(f). Is (-17)/i - (-234)/5 a composite number?
False
Let w = 12785 + 92328. Is w a composite number?
True
Let k = -10 - -18. Let c be (30/9)/(k/(-12)). Is (2 - (-125)/c)*(-1 + -96) prime?
False
Suppose -2*y - 10 = -2*p, 5*p - 19 = 4*y - y. Let m(j) = -15*j + 0 - 3 + 4*j**p - 7*j - 2. Is m(-14) prime?
True
Suppose 25*w - 28*w = -293313. Is w a prime number?
True
Let u(w) = -4*w + 9. Let n = 77 - 74. Let d be u(n). Is d - 1796/(-8) - 2/4 a prime number?
False
Let t(v) = v**3 - 2*v**2 + 2*v + 3. Let z be t(0). Is z + -1 - (4 - (2747 + 4)) prime?
True
Let m be (3/(-2))/(6/(-8)). Suppose 5946 = m*l - 6992. Is l composite?
False
Let u = 258209 + -162382. Is u prime?
False
Suppose 2*h - 42555 = -w, 5*w = -5*h + 257365 - 44595. Suppose 4*o - 34024 = -4*f + o, -w = -5*f + 2*o. Is f a prime number?
False
Let g(i) = 147*i - 31. Let r(v) = 74*v - 16. Let c(k) = -3*g(k) + 5*r(k). Let u be c(-3). Suppose u = 5*m - 409. Is m composite?
False
Let m(v) be the second derivative of 41*v**3/6 + 27*v**2 - 6*v - 1. Is m(11) a composite number?
True
Suppose -22318 = -15*z + 16142. Let l = -1087 + z. Is l prime?
False
Let q(s) = s**2 + 10*s - 6. Let x be q(-11). Suppose -x*l - 3361 - 1664 = 0. Let z = 1424 + l. Is z a composite number?
False
Let x(k) = -5 - 12*k - 9*k - 11*k. Let w be x(-4). Is (1/(9/(-30)))/((-2)/w) a composite number?
True
Let q(d) = -d**3 - 8*d**2 - 10*d - 13. Let g be q(-6). Let p(x) = -112*x + 57. Is p(g) composite?
False
Suppose -71*x - 30 = -61*x. Is (-9)/x + 1 - (3 + -16014) composite?
True
Suppose 0 = 53*l - 39*l + 28. Is l + (985 - (2 - -4)) prime?
True
Suppose 78*n + 200 = 58*n. Let c(d) = -1 + 4 + 1 - 175*d + 5. Is c(n) a prime number?
True
Suppose 0 = -4*c - 422 + 442. Suppose c*g + 22186 = 2*q, -4*q + 23411 = 5*g - 20961. Is q composite?
False
Is (2394/209)/21 - (-1350573)/33 composite?
False
Let u(v) = -38533*v + 641. Is u(-8) prime?
False
Suppose -7*k - 2*k = -18. Let i be k*13/((-4)/(-24)*2). Suppose 2*q + 2*q - 2*p - 118 = 0, -i = -3*q + 5*p. Is q prime?
True
Let n = 25827 + -13868. Is n a composite number?
False
Suppose 5*d - 362998 = -2*n, -2*n + d = -436946 + 73948. Is n a composite number?
False
Suppose -4 = -4*r, -67 = -5*x + 5*r - 17. Let w(c) = 429*c**2 - 64*c + 12. Is w(x) prime?
True
Let t be (-5561)/(-6) - -2*(-1)/(-12). Supp